 -a + 5*k. What is the highest common divisor of a and d?
8
Suppose 0*q - 3*q = -9. Suppose 5*h = 3*j - 24, -4*j = q*h - 8*h - 22. Let i = h - -16. What is the highest common factor of i and 70?
10
Suppose -5*h - 2*r + 321 = 0, 4*h + r = 2*h + 128. Suppose -q + j + 4*j + 21 = 0, -30 = -q - 4*j. What is the highest common divisor of q and h?
13
Let u(j) = j**3 + 13*j**2 + 12*j. Let d be u(-8). Calculate the highest common divisor of 28 and d.
28
Let d = -79 + 144. Suppose -g + 321 = d. Let r = -171 + g. Calculate the greatest common divisor of r and 17.
17
Let j(d) = -2*d**3 + 45*d**2 + 26*d - 13. Let w be j(23). Calculate the highest common divisor of 14 and w.
14
Let k be (912/10)/((-9)/(-30)). Let h be k/14 + (-14)/(-49). Calculate the greatest common divisor of 11 and h.
11
Let j = -45 - -78. What is the greatest common factor of j and 44?
11
Suppose 77 = -5*t - 88. Let o be (-3)/(-4)*(-88)/t. What is the greatest common factor of 18 and o?
2
Suppose -5*p + 42 = -2*p. Let n = 1 + 2. Suppose 0 = -6*t + n*t + 210. What is the greatest common factor of t and p?
14
Suppose 2*m + 173 = 5*u, 3*u = 3*m - 5*m + 91. Let j = u - 20. Let o = 23 - -42. What is the greatest common factor of j and o?
13
Suppose 5*m = -4*r - 53, 4*r + 30 = -4*m + 7*r. Let t be (m - -6)/((-1)/5). Calculate the greatest common factor of t and 5.
5
Suppose -2*h - 3*o = -7*o + 6, 0 = 3*h + 2*o - 23. Let y be ((-25)/(-10))/((-2)/(-4)). Calculate the highest common divisor of h and y.
5
Suppose -2*y = 5*x - 28, -y - y + 2*x + 56 = 0. What is the highest common factor of y and 16?
8
Let u = 37 + 11. What is the highest common factor of u and 32?
16
Suppose 4*x = 3*x + 98. Suppose x = n + n. Suppose n + 5 = 3*h. What is the highest common divisor of 3 and h?
3
Let a be (3/(-6))/(2/(-24)). Suppose -m + y + a = 0, 4 = 9*y - 5*y. Suppose -f = -4*h - m, 4*h = -3 - 1. Calculate the highest common divisor of f and 1.
1
Let h be (-202)/18 + 4/18. Let d(l) = -l**2 - 20*l. Let u be d(h). What is the highest common factor of 11 and u?
11
Let t = 4 + -2. Suppose b + 4*c + 19 = -2*b, -3*c - 15 = 3*b. Let q = b + 2. Calculate the greatest common divisor of t and q.
1
Suppose 4*a - 3 = a - 3*o, -4*o - 8 = a. Calculate the highest common factor of a and 6.
2
Let b be (-8)/(-4)*((-123)/(-6) + 1). Calculate the greatest common factor of b and 215.
43
Suppose -146 = -4*x - 5*s, -7*x = -3*x - 2*s - 132. What is the greatest common divisor of x and 68?
34
Suppose -2*r = 2*a - 14, -2 + 17 = 3*a + r. Suppose -a*w + 209 = -3*w. Calculate the highest common divisor of w and 19.
19
Let u(m) = m**2 + 8*m + 6. Let p be u(-8). Suppose 3*j + 33 = p*j. What is the highest common divisor of j and 11?
11
Let i be (-392)/(-3) + 20/15. What is the highest common factor of i and 12?
12
Let o(g) = -g**3 - g**2 + 2*g + 1. Let y be o(-2). Suppose 3*k - 3*u - u = 37, -5*u + y = 3*k. What is the highest common divisor of 49 and k?
7
Let u be 5*3 + -6 + 9. Suppose -6*x - u = -9*x - 4*s, 0 = -5*s. Suppose 0 = -x*o + o + 70. What is the greatest common factor of o and 21?
7
Suppose 0 = 4*h - h - 30. Let c = 116 - 66. Calculate the highest common divisor of h and c.
10
Let c = -15 + 18. Suppose 0 = -c*v + 78 - 27. Calculate the highest common factor of 85 and v.
17
Let u = 88 - 40. What is the greatest common factor of 24 and u?
24
Let l be -6*(-2)/((-18)/(-33)). What is the greatest common divisor of l and 11?
11
Let h(x) = x**3 - 4*x**2 + 2*x - 6. Let f be h(4). Suppose f*i = i + 12. What is the highest common factor of 12 and i?
12
Suppose 3*g = g. Suppose -4*p - 84 = -v, v + 3*p = -g*v + 112. Suppose -3*a + v + 53 = 0. What is the greatest common divisor of a and 34?
17
Let b(j) = -j**2 + 5*j + 2. Let w be b(5). Let s(h) = -7 - 8*h + h**w - 4*h + 4*h. Let u be s(-6). Calculate the highest common divisor of 11 and u.
11
Let p be (-4758)/(-27) + 6/(-27). Calculate the highest common factor of p and 22.
22
Suppose -2*m + 7*m + 5*k = 0, 5*m = 5*k + 30. Let z(w) = w**3 - w**2 + 2*w + 2. Let t be z(m). What is the highest common factor of 65 and t?
13
Let d be 4/6*(-1 - -10). Suppose l - 9 - d = 0. Suppose -2*h - 4 = -16. Calculate the greatest common factor of h and l.
3
Suppose 3*x + 4*i = 5*x - 78, 4*x + 2*i = 106. Calculate the greatest common divisor of x and 261.
29
Let w = 2 - -2. Suppose 13 = x + 5*b - 2*b, -3*b = 4*x - 97. Calculate the highest common divisor of x and w.
4
Let r be (5/(-4))/(1/4). Let a(q) = -q**3 - 6*q**2 - 7*q - 2. Let g be a(r). Calculate the highest common divisor of 8 and g.
8
Suppose 0 = 2*n - 8, n - 9 = -6*r + r. Let m be 24/15*5/2. Let y be (-20)/(-4) + -4 + m. Calculate the highest common divisor of y and r.
1
Let w = -4 + 4. Suppose -5*r + 0*r + 20 = w. Let h be (27 - (0 - -4)) + -3. Calculate the greatest common factor of r and h.
4
Let l(y) = -y**3 + y**2 + y + 6. Let o be l(0). Let z(n) = n**2 - 6*n + 6. Let g be z(o). Calculate the highest common divisor of g and 2.
2
Suppose w - 2*w = 0, 4*o - 5*w = 532. What is the highest common divisor of 19 and o?
19
Suppose 187 = 9*p - 2. Calculate the highest common factor of 63 and p.
21
Let s be (-2)/((-4)/(3 + -1)). Let o be 1*(2/s - 1). Let p(n) = -n**3 - 3*n**2 - 4*n - 2. Let r be p(-2). Calculate the greatest common divisor of r and o.
1
Suppose -2*g + 7 = -3. Suppose 5*j = -g*h + 260, -5*h + h = 2*j - 216. Calculate the highest common divisor of h and 7.
7
Let u be (6/2)/(3 + -2). Suppose -u*t + 125 = 2*t. Let g be 93/9 - (-2)/(-6). What is the greatest common factor of t and g?
5
Let f be 4/14 - (-8100)/21. Let u = -270 + f. Calculate the greatest common divisor of 29 and u.
29
Let y = 5 + -5. Suppose y = w - 3*l - 2, -w + 4*w - 6 = -5*l. Calculate the highest common divisor of 10 and w.
2
Let w be (-44)/(16/(-4)) + 4. What is the greatest common factor of w and 10?
5
Let c(u) = -u**3 + 9*u**2 - 2*u + 21. Let z be c(9). What is the greatest common divisor of 21 and z?
3
Suppose -5*u + 2*z + 159 = 0, -u - 2*u + 101 = -4*z. Calculate the highest common divisor of u and 31.
31
Suppose 5*b + 2*m - 232 = m, 2*b - 82 = 5*m. What is the highest common divisor of 92 and b?
46
Suppose 5 = 3*t + 2*l, -3*t + 0*t - 5*l = 10. Let k = t + 43. What is the greatest common factor of k and 6?
6
Suppose 4*i = 4*s - 24, -4*s - 2*i + 17 = i. Suppose -a + s = w, w - a + 21 = 6*w. Calculate the greatest common divisor of w and 1.
1
Suppose -4*j + 58 = -4*h - 134, -3*j - 5*h + 144 = 0. Calculate the highest common factor of 72 and j.
24
Let z = -88 + 100. What is the highest common divisor of z and 6?
6
Suppose 16 = b + b. Let k = -3 + 5. Suppose 0 = k*x + 2*l - 166, 0 = -5*x + 3*x + 3*l + 191. What is the highest common factor of b and x?
8
Let u = 2 + 6. Let q(x) = 2*x**2 + x + 4. Let y be q(0). What is the greatest common divisor of u and y?
4
Let i be 158 + 1 + -5 + 1 - 2. Calculate the greatest common factor of i and 9.
9
Suppose 2*j + 0*j = 0. Let b be (42/9 - j)*3. Let p = 38 + -31. What is the highest common divisor of p and b?
7
Let n(y) = 8*y**2 + 2*y + 4. Let q be n(2). What is the highest common divisor of q and 100?
20
Let p = 11 - -5. Suppose -359 - 41 = -5*g. Calculate the greatest common factor of g and p.
16
Let w = 10 - -12. What is the greatest common divisor of w and 198?
22
Let z be 0 - -5 - (3 - 6). Let l = z + -4. What is the highest common divisor of 10 and l?
2
Suppose -g = -21 - 39. Let b = -35 + g. Let j = -5 + b. Calculate the highest common divisor of 4 and j.
4
Let r = -76 - -108. Calculate the highest common factor of 160 and r.
32
Let y be (40/12)/((-2)/3). Let q(l) = 2*l**2 + 2*l - 4. Let s be q(y). What is the highest common divisor of s and 4?
4
Suppose 0 = 5*k - 9*k + 40. What is the greatest common factor of k and 10?
10
Let f = -3 - -12. Let l = 4 + f. Suppose 0 = 4*s + i - 47, 0 = s + i - l - 1. Calculate the greatest common factor of s and 44.
11
Let x = -32 + 11. Let a = 37 + x. Let l = -8 + a. Calculate the greatest common factor of 16 and l.
8
Suppose 0 = -0*c + 3*c - 207. Suppose -c = 4*h - 285. Suppose -3 = -4*q + 5*a + 1, 0 = 2*q - 2*a - 4. What is the greatest common factor of q and h?
6
Let n be (-2)/(-2)*(-4 + 33). Let r = n + -17. What is the highest common factor of r and 108?
12
Let i = -14 - -42. What is